= 98*w. Let t = w + 3099. Is t a prime number?
True
Suppose -2*y - 8 = 0, y - 160 = 3*c - 20. Is 26882*((-2)/(-8))/((-24)/c) a prime number?
True
Let v = -1810 + 934. Let c = v + 1615. Is c a prime number?
True
Suppose -102*z - 4460 = -97*z. Suppose 2446 = 8*v + 14038. Let j = z - v. Is j composite?
False
Let b(z) = 2299*z**2 + 44*z + 667. Is b(-12) prime?
False
Is 10/55 + -7255*707/(-385) a composite number?
True
Suppose -7*q - 3440 = 36*q. Is (-1622230)/q + 5/40 a prime number?
False
Let x(j) = -j + 2. Let n be x(3). Suppose -13 = -3*p - 5*r + 6, -3*r + 18 = 4*p. Is (-113)/(n*(4 - p)) prime?
True
Suppose -78*k + 57*k + 72484629 = 0. Is k a composite number?
False
Suppose -2*a = 4*k - 8234, -31*k = -32*k + 3. Suppose 680*n = 681*n - a. Is n composite?
False
Let h(t) = 949*t**3 - t. Let m(r) = r**3 + 15*r**2 - 15*r + 17. Let v be m(-16). Let y be h(v). Suppose -c = 3*c - y. Is c a composite number?
True
Suppose -7*z = -65 - 5. Let t = -8 + z. Suppose -c + t*j + 72 = 11, 4*j - 304 = -4*c. Is c a composite number?
False
Let v(c) = -4785*c + 899. Is v(-6) a prime number?
False
Suppose 340 = 16*q - 44. Is 8/(q/9) + 1463 + -1 composite?
True
Suppose l - 34 = -4*x, 3*x = 2*l + 2*x - 50. Suppose 0 = u - 2*z - l, -3*u + 2*z = -4*u + 22. Is 8602/u*2 - 17/(-102) a composite number?
True
Let o(i) = -4*i**2 - 24*i - 22. Let s be o(-5). Is (-168470)/(-68)*-6*s/15 composite?
True
Suppose -2*o + 3 = -4*x + 13, 4*x = 16. Let s = 20 + -12. Suppose s*z = -o*z + 3223. Is z a prime number?
True
Suppose i + i - 39 = -3*b, -2*b - 24 = -2*i. Suppose 2*m + 4*x - 4019 = -905, -5*x - i = 0. Suppose 5*l + 0*l - m = 2*j, j = -3*l + 929. Is l a prime number?
True
Is (-916)/(-1145) - (30026/(-5) + -1) a composite number?
False
Suppose 5*p + 6398 = 2*h, 15929 = 5*h + 20*p - 16*p. Is h a prime number?
False
Suppose 0 = -4*x + 3*y + 567023, 620*y - 619*y = x - 141754. Is x composite?
False
Suppose 6*h - 221782 = 49184. Is h a composite number?
False
Is ((-578)/(-5780))/((-2)/(-15049180)) prime?
True
Let y = 984194 + 241709. Is y prime?
False
Let r(i) = 4 + 2 + 8 + 0 + 36*i. Let l be r(-5). Let x = 216 - l. Is x a composite number?
True
Suppose -3*r = 4*r. Suppose -2*u + r*u = -18168. Suppose 9*f - u = 11913. Is f prime?
True
Suppose 0 = -7*y + 133415 + 119277 - 54249. Is y prime?
True
Let w be 423/72 + (-2)/(-16). Suppose 47647 = w*q + 166933. Is (q/12)/(-1) + 3/12 a composite number?
False
Suppose 0 = 61*l + 74*l - 1390805 + 207260. Is l a prime number?
False
Suppose -6*h + 174150 = 2*q - 7*h, 3*q - 261247 = -4*h. Is q a prime number?
False
Let s be (1 + -2 + 0)/(15/5565). Let q = s - -486. Is q prime?
False
Let o(k) = -12 + 2*k**2 + k - 5*k**2 + 4*k**2. Let w be o(0). Is ((-7040)/w + -2)/(2/3) composite?
False
Suppose 3289847 = 5*v + 2*p, 14*v + 62*p = 59*p + 9211582. Is v prime?
False
Suppose 2*m = -4*q + 117004, -5*q + 47769 = m - 10736. Suppose -8*n + m = n. Let s = n - 4167. Is s prime?
True
Suppose 0 = -c - 5*x + 6816, 0 = 2*c - 25*x + 23*x - 13596. Is c a prime number?
False
Let i = -675 - -680. Suppose i*c + 44502 = 135067. Is c prime?
False
Suppose 2*y + 56*y - 14*y - 10919084 = 0. Is y composite?
False
Let l(b) = -7*b - 16*b - 19 + 3*b. Is l(-20) a prime number?
False
Let v(m) = m**3 - 3*m**2 - 2*m - 8. Let c be v(4). Suppose -24*y - 4*y + 199304 = c. Is y a composite number?
True
Let y(n) = 68*n**3 + 17*n**2 + 9. Let m be y(5). Suppose -4*i + k + m = 0, 5*k = -0*k + 10. Is i composite?
True
Let g(t) = 682*t + 19. Let x(b) = -4*b - 14. Let p be x(-5). Is g(p) a prime number?
True
Suppose 5*m + 3*n = -5, m - n - 13 = -3*m. Suppose -2*x + f + 3727 + 698 = 0, 0 = m*x + 5*f - 4455. Is x prime?
False
Let p = -531 - -525. Let m(n) = -21*n**3 + 5*n**2 + 2*n - 67. Is m(p) composite?
False
Let o = 56 + -53. Let n(g) = -4*g - 67 - 25*g**2 - 10*g - g**o + 28*g. Is n(-28) prime?
False
Suppose -7*w = -11*w + 16. Suppose -3*v - w*s = -14021, 2*v + 3*s = 8*s + 9378. Is v a prime number?
True
Let x(q) = -33*q**3 - 7*q**2 + q + 85. Is x(-12) prime?
False
Let c = -104 - -107. Suppose 3*q = -5*y + 70948, c*y - 42565 = -0*y + 2*q. Is y prime?
False
Let q(g) = -225*g - 980*g - 73 - 368*g - 6 - 6. Is q(-4) prime?
False
Suppose 716507 = 2*v + 2*v - 48137. Is v a composite number?
False
Suppose s + 62 = a, 64 = a - 0*s - 3*s. Let g = a + -68. Is (2/g*-2)/((-10)/(-35)) prime?
True
Let b be (-757)/(-2)*((1 - 4) + 5). Suppose -378 - b = 5*o. Let u = o + 430. Is u a composite number?
True
Let u = 27023 - 7616. Is u prime?
False
Let b(g) = g**3 + 48*g**2 - 231*g - 37. Is b(29) a prime number?
False
Let o(s) = s**3 - 9*s**2 + 12*s - 20. Let v be o(8). Suppose 4*n + v = -0*n, -36 = -g - 5*n. Is g prime?
False
Let s = -16361 + 24340. Is s a composite number?
True
Suppose 424 = 6*o + 406. Suppose 28050 = o*y - 9753. Is y a composite number?
False
Let g = 4925774 + -834579. Is g prime?
False
Let q = -1625 - -4188. Let u = -1674 + q. Is u a composite number?
True
Suppose -3*r = 2*i - 158965, 20*r = 22*r - 2*i - 105990. Is r prime?
False
Let a = 7269 - 5151. Let p = 3857 - a. Is p a composite number?
True
Suppose 3*g = 2*w - 147101, -9*w + 14*w + g = 367812. Is w composite?
False
Let k(g) = -50*g**3 - 8*g**2 + 36*g + 63. Is k(-4) composite?
True
Suppose 4 = 2*p - 0*p. Suppose 0 = -4*l + 8, p*r - l + 0 = 4. Suppose -4*k + 8590 = 3*x, -2*x - 1 = r. Is k a prime number?
False
Suppose 3*z + v - 2162 = 0, -3*v - 328 = -343. Is z composite?
False
Suppose -12 = -7*a + 4*a - 3*n, 0 = -4*a + 5*n - 20. Suppose a = 11*s - 5*s - 36. Is (-2694)/18*s/(-2) composite?
False
Let l(p) = -p**2 + 24*p - 114. Let a be l(7). Suppose 0 = 4*h - 3*g - 25634, -4*g - 25695 = -a*h + 6348. Is h a prime number?
False
Let g = -19 - -22. Let a(q) = 204*q**2 + 3*q. Let u be a(g). Suppose -3*r - 6*r = -u. Is r prime?
False
Let w(d) = -d**3 - 72*d**2 - 509*d + 188. Let j be w(-64). Let m(g) = -3 - 73*g + 11 + 11. Is m(j) a prime number?
True
Suppose c + 4*w = 30889, 8*w = -3*c + 5*w + 92694. Is c prime?
False
Let m(r) = 12206*r**2 + 34*r + 145. Is m(-6) composite?
False
Suppose 106*n + 37100291 = 161061673. Is n composite?
True
Let w(f) be the first derivative of -7*f - 5/4*f**4 + 1/3*f**3 - 2*f**2 + 1. Is w(-3) a composite number?
False
Let h(u) = -128*u + 48. Let w be h(-32). Suppose 5*g - 5160 = -s, 0 = 12*g - 8*g + 4*s - w. Is g a prime number?
True
Let d = 23168 - -17826. Suppose 4*c = d + 20714. Is c a composite number?
False
Suppose 0 = -3*n, 2*c = -40*n + 44*n + 512492. Suppose -40*d - 75806 = -c. Is d composite?
True
Let l(f) = -f**2 - 13*f - 6. Let b be (-12 + (-3)/3)/1. Let v be l(b). Is ((-1754)/4)/(v/12) a composite number?
False
Let a(z) = -180*z**3 - z**2 + 8*z + 13. Let c be a(-3). Suppose 0 = 4*m - 16988 + c. Suppose 0 = -6*w + 29 + m. Is w composite?
True
Suppose -48 = -p - p - 4*v, -p + 28 = 3*v. Suppose 3*j - 234 = -4*b, 5*b + 0*j - 4*j - 308 = 0. Is (0 - -4)*b/p a composite number?
True
Let o(s) = 97*s**2 - 15*s - 20. Let t be o(-8). Suppose 2*z - 2*d = -282 + t, 2*d = 4*z - 12048. Is z composite?
False
Let l = 165108 - -133451. Is l composite?
False
Suppose -5*r - 4*d + 3873 = 0, 31*d - 26*d + 3082 = 4*r. Suppose -y + 2212 = r. Is y a prime number?
True
Suppose 0 = -4*a + 257546 + 131298. Is a a composite number?
True
Suppose 14 = 7*a - 21. Suppose -1078 + 14783 = a*q. Is q composite?
False
Is (-114827)/(-2)*(0 + 44/22) composite?
False
Let d(t) = 497 - 269 - 275 - 4*t. Let i be d(-13). Suppose -10 = -i*b, 2*l - 2258 = -4*b - 56. Is l composite?
False
Let v = -120149 + 220416. Is v a composite number?
False
Let c(a) = 19657*a**3 - 2*a**2 + 10. Is c(3) composite?
False
Let w(k) be the second derivative of 7/6*k**3 - 2*k**2 - 41*k - 1/2*k**4 + 12/5*k**5 + 0. Is w(3) composite?
False
Suppose -4262 = -4*j - 1606. Let z = j - 358. Is 2/17 + 165510/z prime?
True
Suppose -y = 3*p - 56629, 1177 = -p + 1171. Is y prime?
False
Let c = -75 - -80. Suppose 2*r + c*p = 24731, 2*p + 3427 - 28143 = -2*r. Is r a composite number?
True
Let p(x) be the second derivative of 347*x**6/72 - x**5/60 + x**4/12 + 7*x**3/3 + 4*x. Let h(k) be the second derivative of p(k). Is h(1) a prime number?
False
Suppose -28*s + 311278 = 53118. Suppose -66*h = -62*h - s. Is h prime?
False
Let x(i) = i + 21. Let r be x(11). Suppose a + 18 = 3*t, 4